(-106)/(-12).
3
Suppose -2*z = z - 9. Suppose z*i - i = 18. What are the prime factors of i?
3
Let u = 88 - 86. What are the prime factors of u?
2
Suppose 0 = -y - 3*y + 112. List the prime factors of y.
2, 7
Let u = -19 - -21. Let d(x) = 26*x**2 - x. Let b be d(1). Let i = b - u. List the prime factors of i.
23
Suppose -16 = -4*f, 4 = -2*p - 2*p + 2*f. Suppose 0 = -z - p + 23. What are the prime factors of z?
2, 11
Let x(h) = 28*h**2 - h + 1. List the prime factors of x(1).
2, 7
Let t(a) = a**3 - 2*a**2 - 15*a + 3. What are the prime factors of t(6)?
3, 19
Let p = 38 + -27. Suppose -p + 29 = 6*u. List the prime factors of u.
3
Let m = -4 + 6. Let i be m/7 - (-10)/14. What are the prime factors of 1/(i + 21/(-24))?
2
Suppose 7*j - 5*j - 146 = 0. List the prime factors of j.
73
Suppose 4*s - 3*q + 5*q - 802 = 0, 5*s - 980 = 2*q. List the prime factors of s.
2, 3, 11
Let n be (1 - -3) + -3 + -1. Let k(b) = -b**2 + 11. What are the prime factors of k(n)?
11
Let k(i) = -i**2 - 3*i + 3. Suppose -2*v - 2*v = -5*m + 7, -5*v = -m + 14. Let j be k(v). Suppose -6 = -2*c, j*w - c - 8 = 2*w. List the prime factors of w.
11
Let g(u) = -u**3 - 23. Let z be g(0). Let b = 32 + z. Let y = -6 + b. List the prime factors of y.
3
Let z = 6 + 26. What are the prime factors of z?
2
List the prime factors of (8/(-20))/((-4)/360).
2, 3
Let b(x) = x**2 - 1. What are the prime factors of b(-2)?
3
Let k = 400 - 225. List the prime factors of k.
5, 7
Let w(d) = -17*d + 1. What are the prime factors of w(-1)?
2, 3
Suppose -5*n + 42 = 3*d - 63, -n + 3 = 0. List the prime factors of d.
2, 3, 5
Let f(y) = -4*y**3 + 22*y**2 - 4*y - 21. Let j(v) = 3*v**3 - 15*v**2 + 3*v + 14. Let m(k) = -5*f(k) - 7*j(k). What are the prime factors of m(-5)?
2, 3
Let x be (-22)/(-8) - (-21)/(-28). Let r(j) = -9*j**2 + 3*j - 13. Let i(u) = -5*u**2 + u - 7. Let c(p) = -7*i(p) + 4*r(p). What are the prime factors of c(x)?
3
Let a(p) = 6 + 10*p - p**3 + 7*p**2 - 3*p + 4. Let q be a(8). What are the prime factors of 4 + -2 + q*1?
2
Suppose 2*h - 20 = 4*h. Let k = -4 - h. List the prime factors of k.
2, 3
Let m(g) = g**3 + 2*g**2 - 4*g + 1. Let s be m(-4). What are the prime factors of (-48)/s + 2/(-10)?
3
Let x = 55 + -34. What are the prime factors of x?
3, 7
Let f = -13 + 8. Let t(b) = -3*b. What are the prime factors of t(f)?
3, 5
List the prime factors of (-36)/(-54) + (-97)/(-3).
3, 11
Suppose 2*g = 0, p = -4*g - 0 + 3. Let o(y) = y**3 + y**2 - 1. Let f(i) = -2*i**2 - 2*i + 3. Let t(q) = f(q) + o(q). List the prime factors of t(p).
2, 7
Let b(l) = 11*l - 23. What are the prime factors of b(6)?
43
Let n(c) = -4*c. Let o(i) = i + 1. Let u(g) = -2*n(g) - 6*o(g). Suppose -5*t + 20 = -3*s - 14, -5*s + 50 = 5*t. What are the prime factors of u(t)?
2, 5
Suppose 5*d - c = -0*d + 25, -3*d + 4*c - 2 = 0. Let s be 4/d + (-16)/(-12). What are the prime factors of (-6)/(-10)*30/s?
3
Let z(q) = -q**2 + 9*q - 5. Let s be z(8). Suppose -s - 2 = -5*i. List the prime factors of i*(14 + 0/(-1)).
2, 7
Suppose -3*k + 212 + 22 = 0. List the prime factors of k.
2, 3, 13
Suppose 2*w = 51 + 23. What are the prime factors of w?
37
Let q(x) = -x**3 - 5*x**2 - 5*x + 2. List the prime factors of q(-5).
3
Let c(q) = q**3 - 7*q**2 + 8*q - 7. Let t be c(6). Suppose t = 6*j - j. Let y = 3 - j. List the prime factors of y.
2
Let s be (-14)/21 + 5/3. List the prime factors of (-4 - -2)*s + 30.
2, 7
Let w = 12 + -10. Suppose 16 = w*j + 2. List the prime factors of j.
7
Let v(a) = -54*a + 41. What are the prime factors of v(-6)?
5, 73
Suppose 4*n = n + 6. Let u(c) = 3*c - 2 - 2*c - n*c. What are the prime factors of u(-5)?
3
Suppose 0 = 5*b - 5*m - 8 - 27, -4*b + 19 = -m. Suppose 2*v = -4*k + 76, b*v - 4*k + 8*k = 172. List the prime factors of v/3 + -1 + 0.
3, 5
Suppose -5*q + 0*q = 5*c + 15, -2*c + 3*q + 19 = 0. Suppose c*a + a = 0. Suppose 0*b + b - 14 = a. List the prime factors of b.
2, 7
Suppose 1 = 5*q - 9. Suppose -a + 27 = q*a. List the prime factors of a.
3
Let r(j) = -j - 2*j + 0*j**2 - j**2 + 7*j. Let z be r(3). Let d(l) = 5*l - 2. What are the prime factors of d(z)?
13
Let p(f) = -f**2 + 5*f - 5. Let d be p(4). Let c be (6/(-9))/(4/(-90)). What are the prime factors of ((-42)/c)/(d/5)?
2, 7
Let j(k) = 0 + k**2 - 2 + 0. Let f be j(-2). What are the prime factors of -1*(f + 4*-1)?
2
Let a = -32 + 61. What are the prime factors of a?
29
Let h(l) = l**3 - 5*l**2 + 5*l - 1. Let n be h(4). List the prime factors of (n + -1)*36/8.
3
Let z = -2 + 1. List the prime factors of z*(-6 + 2)*6.
2, 3
Let l = -28 - -27. List the prime factors of (19/l)/(8 - 9).
19
Suppose 4*o - u + 6*u + 1 = 0, -28 = -3*o + 2*u. Let f(h) = -h + 7. Let i be f(o). List the prime factors of 0 + 9 + -1*i.
2
Suppose 0 = -4*u - 695 - 169. Let j be 4/14 + u/21. List the prime factors of j*-4*1/5.
2
Let w be (-14)/35 - (-27)/5. Suppose 3*r = h + 2, 3*h - 6*h + 10 = -w*r. List the prime factors of h.
2, 5
Let r(t) = t**2 + 8*t + 27. What are the prime factors of r(-6)?
3, 5
Let z(n) = -n**2 + 41. Let s be z(0). Suppose s = 3*d + 4*w, 4*d + w = d + 44. Suppose -4*i - 62 = -5*c, 7*i = 2*i - d. List the prime factors of c.
2, 5
Let n(y) = y**2 + y - 3. Let u be n(-3). Suppose -u*a + 0 = -3. List the prime factors of (18/3)/1 - a.
5
What are the prime factors of ((-1)/(-1))/((-9)/(-17496)*8)?
3
Let n(t) = -4*t + 4. What are the prime factors of n(-10)?
2, 11
List the prime factors of (13 + -11)*14/4.
7
Let t be 8/(-5) - (-6)/10. Let d be (t - (-7 - -2)) + -2. Suppose 0 = s + 2*y + 7, -5*s - 5*y = -d*y. List the prime factors of s.
3
Let l be ((-10)/1)/2 - 2. Let h = -4 - l. Suppose -h*j - 48 = -7*j. What are the prime factors of j?
2, 3
Let g(n) = n**2 + 9*n + 2. Let o be g(-9). List the prime factors of (0 - -3) + 6/o.
2, 3
Suppose -2*t + 3*f - 8 = -1, -5*t + 3*f - 31 = 0. Let d be (-90)/t - (-5)/(-20). Suppose 2*z - 5 - d = 0. What are the prime factors of z?
2
Suppose 4*h - j - 1 = 0, 5*h = 3*j - 0 + 3. List the prime factors of (1 - h)*1 + 25.
2, 13
Suppose 4*f = 2*a + 388, 0 = 4*f - 7*f - a + 286. List the prime factors of f.
2, 3
Let u(o) = 3*o + 29 - 11 - 13. What are the prime factors of u(8)?
29
Suppose -p - 5*l = 2*p - 61, 5*l + 23 = 4*p. Suppose -9*f = -6*f - p. Suppose -5*a - 50 = -5*v, -4 - 4 = f*a. What are the prime factors of v?
2
Let z(y) = 4*y + 10. Let m(v) = -5*v - 11. Let q(o) = -3*m(o) - 4*z(o). What are the prime factors of q(-9)?
2
Suppose 3*a - l = 4*a - 22, 4*a - 4*l = 64. List the prime factors of a.
19
Suppose -6*j + 40 = -j. What are the prime factors of 2/((j/33)/4)?
3, 11
Let v = 16 + 13. Suppose b + 2*b = -2*y + v, -2*b - 82 = -4*y. List the prime factors of y.
19
Let h = 5 - 5. Suppose 0 = -k + 5*g - 4*g + 9, -4*k + 36 = 5*g. Suppose -p + h = -k. What are the prime factors of p?
3
Let t(c) = -12*c + 4. What are the prime factors of t(-3)?
2, 5
Let q be 4/6 - 205/15. Let n = q + 2. Let i = -6 - n. What are the prime factors of i?
5
Suppose -5*g + 2*f = 1 + 19, -3*f = 0. Let u = 6 + g. What are the prime factors of u?
2
Let n(w) = 3*w**2 - 14*w - 3. What are the prime factors of n(7)?
2, 23
Let d = 16 + -11. Suppose 43 = 3*v + 5*q, 0*v - v - d*q + 21 = 0. List the prime factors of v.
11
Suppose -2 = 3*w - 4*w. Suppose 0 = -2*k + c, 0*k = -w*k - 2*c + 12. Suppose 3*p - 6 = -3*j, -k*p + 2*j = 5*j - 3. List the prime factors of p.
3
Let a(i) = -i**2 + 6*i - 3. Let l(g) = g**3 + 2*g**2 - 2*g + 1. Let t be l(1). List the prime factors of a(t).
5
Let j = -9 + 15. List the prime factors of ((-27)/(-12))/(j/16).
2, 3
Suppose -4*t - 510 = -5*u, -2*u - 2*t = u - 306. Suppose -2*s = -4*j + 262, 0 = 4*j - s - u - 155. List the prime factors of 14/j - (-104)/18.
2, 3
Suppose 3*f = -4*d - 25, -5 = 2*d - 2*f - 3. Let r = 19 - d. What are the prime factors of r?
23
Suppose -w = -3*w + 86. What are the prime factors of w?
43
Let o = 12 - 13. List the prime factors of 12 + -2 + o + 4.
13
Let q = 4 + -2. Let o(g) = 10*g**2 + q*g**3 - 15 - 6*g**3 + 3*g**3 + 2*g. What are the prime factors of o(10)?
5
What are the prime factors of ((-27)/18)/(1 - 309/300)?
2, 5
Let o(l) = -13*l**3 - 27*l**2 - 19*l + 25. Let s(m) = -7*m**3 - 14*m**2 - 10*m + 13. Let g(t) = -6*o(t) + 11*s(t). What are the prime factors of g(-6)?
41
Let t(w) = 3*w**3 - 4*w**2 + 3*w - 